 411/(-135)). Calculate the greatest common factor of s and 33.
33
Suppose 4 = -j, -p - 4*j + 9 = -0*p. Let k be 16/(-12)*3 + p. Suppose -k*w + 17*w = -972. Calculate the highest common divisor of 27 and w.
27
Let o(b) = 53*b - 90. Let a be 5*(-3 + 234/45). Let l be o(a). What is the greatest common divisor of 58 and l?
29
Let s(o) = -o**3 + 17*o**2 + 37*o + 33. Let u be s(19). Calculate the highest common divisor of u and 434.
14
Let c be (-12)/(7*(-14)/60319). What is the greatest common factor of c and 6?
6
Let q be 9*-10*(1 + -2). Suppose -13*t + 6*t = 0. Suppose -22*g + 158 + 62 = t. Calculate the highest common divisor of q and g.
10
Suppose -4*w = -5*j + 8, -4*w = j + 3*j + 8. Let a be 382 - (j + 3 - 6). Suppose 0*z = 5*z - a. What is the greatest common factor of z and 11?
11
Let f = -340 + 516. Suppose f + 6 = 7*o. Calculate the highest common factor of o and 143.
13
Suppose -3*w - 395 = -542. Calculate the greatest common factor of 343 and w.
49
Let z be (-4 - 21/(-6))/((330/(-15))/3960). Let g = 444 + -24. Calculate the highest common factor of g and z.
30
Let n(v) = 9*v - 2. Let c be n(-3). Let x = 49 + c. Suppose -80*b + 4400 = 8*b. Calculate the highest common divisor of b and x.
10
Let q = -299 - -319. Let r be -6*q/(-36)*21. Let o(t) = 19*t**2 - 2*t - 1. Let g be o(-1). What is the highest common divisor of g and r?
10
Let s = 8691 + -4506. What is the greatest common divisor of s and 15?
15
Suppose 8*d = 3*d - 4*u + 840, 3*u - 336 = -2*d. Let r be 31*(3 - (-18)/(-3)). Let b be -2 + 1 + 1 + (-1302)/r. Calculate the highest common factor of b and d.
14
Suppose t - 18 = -t + 4*z, 2*z + 3 = -t. Suppose t*w = -2*m + 328 + 60, 0 = 3*m + 4*w - 584. What is the greatest common divisor of m and 75?
25
Let u(m) = m**3 - 3*m**2 - 20*m + 20. Let n = -39 - -47. Let p be u(n). What is the highest common divisor of p and 20?
20
Let y be -656*1*119/(-68). Suppose 4*s + 0*s - y = 0. Let a = 12 - -29. What is the greatest common factor of a and s?
41
Let h = -47 + 51. Let y be h/(-1) + 2 - -13. Let k(z) = z**2 + 15*z + 50. Let o be k(-21). What is the greatest common factor of y and o?
11
Suppose -2*w = 4*o - 420, -w + 225 = 4*o + 9. Let g be (-8)/((6/9)/(-1)). Calculate the greatest common factor of g and w.
12
Let f(z) = 4*z**2 - 6*z + 5. Let q be f(1). Suppose 211 = w + q*m, w - 3*m + 4*m - 215 = 0. What is the highest common factor of w and 31?
31
Let k = -532 + 524. Let l be ((-423)/(-36) + -9)/((-2)/k). Calculate the highest common divisor of 7 and l.
1
Suppose -4*m = -v - 604 - 2429, -9 = -3*v. What is the highest common factor of m and 276?
69
Suppose 169 = 3*n + 2*y - 422, 0 = -4*n + 3*y + 771. Suppose -3*d + n = -0*d. Calculate the highest common factor of 26 and d.
13
Suppose -1411*v + 1421*v - 93 = 427. Let h = 323 - 63. What is the highest common divisor of v and h?
52
Let t = 4 + -14. Let y be 153/15 - t/(-50). Let i = 51 - 1. What is the greatest common divisor of y and i?
10
Suppose h = 4*h - 1782. Let d be ((-88)/3)/(24/(-54)). What is the highest common factor of h and d?
66
Suppose -247*j - 496 = -249*j - 2*k, 0 = j + 5*k - 220. Calculate the greatest common divisor of 2975 and j.
85
Let h(r) = 5*r**3 - 121*r**2 + 26*r - 41. Let v be h(24). Calculate the greatest common factor of 49 and v.
7
Suppose 3 = 4*s + 5*g, 0 = -7*s + 9*s + 3*g - 1. Let v be -4 + 2640/28 - s/7. Calculate the greatest common divisor of v and 5.
5
Let y(m) = -3*m**2 + 11*m + 5. Let i be y(5). Let d be (-642)/(-10) + 3/i. Suppose 39*f - 38*f - 16 = 0. What is the highest common factor of f and d?
16
Let x = -15402 - -16562. Calculate the greatest common divisor of 1305 and x.
145
Let d = 13095 - 13088. Let x be 7*(1 - -7*1). Calculate the greatest common factor of x and d.
7
Let g(f) = -138*f + 48. Let i be g(2). Let z be i/38*46/(-3). What is the highest common factor of z and 4?
4
Let z(n) = -n**3 - 10*n**2 + 84*n - 24. Let k be z(-16). Let p(y) = 7*y - 14. Let a be p(5). Calculate the highest common factor of k and a.
21
Let a be -3 - 16/(-4) - -1584. Suppose 1579 = 2*q - 5*p, 3*q + p - a = q. What is the highest common divisor of 22 and q?
22
Let g(l) = -2*l**2 + 20 - l**3 + 16*l**2 - 18*l - 33*l**2. Let n be g(-18). What is the highest common divisor of 1940 and n?
20
Suppose 3*s - 5*m - 2469 = 0, 102*s = 103*s + 3*m - 851. Calculate the greatest common divisor of 340 and s.
17
Suppose 0 = -4*v - 4*u + 748, -2*v + 52*u = 55*u - 379. Calculate the highest common divisor of 238 and v.
14
Let z = -321 - -320. Let b be 7*z + -17 + 66. Calculate the greatest common factor of 56 and b.
14
Suppose -14*y = -9*y + x - 1805, -1415 = -4*y + 5*x. What is the greatest common factor of 384 and y?
24
Suppose g + 31 = 36. Suppose 3*k - f + 2 = 11, g*k - 5*f - 5 = 0. Let i be (-194)/(-12) + 0 + (-20)/120. Calculate the highest common factor of k and i.
4
Suppose 0 = -137*v + 765336 - 36358 - 13153. What is the greatest common divisor of v and 627?
209
Suppose -3*z = -2*h + 8675, 65*h + 17377 = 69*h + 3*z. Calculate the highest common divisor of h and 26.
26
Let i = -266 - -51. Let n = i - -87. Let d = 136 + n. Calculate the highest common factor of 64 and d.
8
Let d = -1747 + 2801. What is the highest common factor of 341 and d?
31
Let k = 3033 - 2929. Calculate the greatest common divisor of k and 1846.
26
Let p = -3800 - -3877. Let r be 1 + 0 + 5 + 10. Let k = r + -9. What is the greatest common divisor of k and p?
7
Let b be (1 - (-3372)/(-18))*3. Let y = b + 844. Calculate the greatest common divisor of y and 114.
57
Suppose -5*c + 126 = -f, 4*c + 4*f - 21 = 75. Let g(s) = 47*s + 10. Let w be g(20). Calculate the greatest common factor of w and c.
25
Suppose 73 - 409 = -6*a. Suppose 473 = -45*y + a*y. What is the greatest common divisor of 301 and y?
43
Let j be (-2 + 1)/(2 - 3). Suppose 5*b - j + 1 = 0. Suppose -5*c + 21 + 39 = b. Calculate the highest common factor of 48 and c.
12
Let v = -5898 - -5910. Calculate the highest common factor of 1956 and v.
12
Let u(m) = m**2 + 74*m + 976. Let x be u(-58). Let k = 22 - 10. What is the highest common factor of k and x?
12
Let g = 2474 - -5244. Calculate the greatest common divisor of g and 34.
34
Let q = -15 - -22. Suppose 5496 = 6*c + 1464. Let v be (1/(-3))/((-6 - -2)/c). What is the greatest common factor of v and q?
7
Let d = 29 - 68. Suppose 0 = 19*s + 129 - 1554. Let r = s + d. What is the highest common factor of 24 and r?
12
Suppose -4*m - x = -16752 - 12133, -15 = 5*x. What is the greatest common factor of 46 and m?
46
Suppose 2*b + 4*c = -c + 94, -b + 48 = 3*c. Let s be ((-40560)/(-4732))/((-5)/(-21)). What is the highest common divisor of b and s?
6
Let m = 149 + -147. Suppose -5*x = 4*b - 55, -m*x - 2*x + b = -44. Calculate the greatest common factor of x and 1.
1
Let n(v) = 6*v - 2. Let b(k) = -k**3 - 7*k**2 + 8*k - 1. Let w be b(-8). Let r be n(w). Let g = r - -9. Calculate the highest common divisor of 11 and g.
1
Suppose -60*q + 605182 = -29*q + 55*q. What is the greatest common factor of 31 and q?
31
Suppose -4*d + 238 = 30*x - 28*x, -3*d = 2*x - 176. What is the highest common divisor of 9207 and d?
31
Let m be ((-98)/84)/((-14)/66696). What is the greatest common factor of 14 and m?
14
Let c(a) = -a + 2. Let x(k) = k + 52. Let p(z) = 6*c(z) - x(z). Let n be p(-8). Calculate the greatest common factor of 2 and n.
2
Let m(z) = z**3 + 40*z**2 + 37*z - 44. Let c be m(-39). Let d(g) = g**2 - 38*g + 146. Let t be d(c). Calculate the greatest common factor of 740 and t.
10
Suppose -2*x + 3*x + v = 5, 5 = x + 5*v. Suppose x*y = -3*m + 44 + 2, 5*y = 2*m + 61. What is the highest common divisor of y and 88?
11
Let r = -106 + 113. Suppose t = -5*q + 131, -3*t - r*q = -2*q - 383. Calculate the greatest common divisor of 12 and t.
6
Let a = 4685 - 4610. Calculate the greatest common factor of a and 2225.
25
Let r be -1 + 17 + -16 + 6. Suppose -3*b - 3*q + 109 = -158, b = -3*q + 99. Suppose 9*w - b = 7*w. Calculate the highest common factor of r and w.
6
Let t = -7 + 11. Suppose 1319 = 266*i - 25281. Calculate the highest common factor of t and i.
4
Let c be (-2)/9 + 784/126. Let t(j) = 5*j - 10. Let x be t(5). Calculate the greatest common divisor of c and x.
3
Suppose -3*m - i = -m + 1, 0 = 4*m - 3*i - 3